1*j(v) - 2*u(v). Let f(n) be the first derivative of -n**2/2 - 1. Let h(a) = -6*f(a) + 2*o(a). Give h(-4).
-10
Let t = -19 + 22. Let h(m) = 2*m**3 + 4*m + 7*m**2 - 4*m**2 + m**2 - m**t. What is h(-4)?
-16
Let n(x) = -x**3 + 3*x + 3. Let d = 35 + -20. Let i be 3/(-4 + d/6). What is n(i)?
5
Let f(m) = 22*m**2 - 2*m + 2. Let t be f(-3). Let o(x) = 198 + x**2 + t + 4*x - 408. Let a be (-1)/(0 - 1/(-6)). Calculate o(a).
8
Let q(u) be the third derivative of -u**6/120 + u**5/6 - 5*u**4/12 + 3*u**3/2 - 169*u**2. Determine q(9).
0
Let o(g) = g**3 + 6*g**2 + g + 1. Let h be o(-6). Let v(i) = 5*i**2 - 37*i - 21. Let s(k) = k**2 - 9*k - 5. Let j(z) = -9*s(z) + 2*v(z). What is j(h)?
-7
Suppose x = -x - 4. Let l(z) = 3*z**2 + 5*z - 6. Let p be l(-3). Let b(q) = 13 - 11 + 3*q + p*q - 3*q. What is b(x)?
-10
Let z be ((-10)/(-4) - 3)*(-4)/1. Let c(x) = -2*x**2 - 2*x + 7*x + x**z + 0*x**2 + 2. Suppose 4*n - 12 = 12. Determine c(n).
-4
Suppose 4*g + 3*q + 1 = 34, -5*g + 4*q = -80. Let d be 575/4 + (-9)/g. Let x be (-26)/d - (-97)/(-11). Let n(w) = -w**2 - 9*w - 5. Determine n(x).
-5
Let a = 9 + -6. Let n(k) = 0*k - k**a + 5*k**2 - 9 + 5*k + 8 - 5. What is n(6)?
-12
Let v(r) = -63*r - 567. Let g be v(-9). Let i(z) = -z**3 - z**2 - 34. Calculate i(g).
-34
Let b(g) = -9*g + 50 + 2*g**2 - g**2 + 0*g**2 - 40. Determine b(7).
-4
Let z = -13/210 + 8/35. Let t(u) be the second derivative of -z*u**4 + 0 + 0*u**2 - 1/3*u**3 - u. Calculate t(-3).
-12
Suppose 0*i + 5*i - 4*t = 23, i = t + 5. Let r(n) = -3*n + n + 5*n**2 + 6*n + 4 - n**i. Let l = 468 - 462. What is r(l)?
-8
Let o(v) = -v**3 + v. Suppose w - 3*g = 15, 3*g - 4 = -16. Let j(r) = 15*r**3 + r**2 - 4*r. Let p(q) = w*o(q) + j(q). Give p(1).
12
Let t = 2 - 4. Suppose -u = -2*c + 9, 5*c = 7*u - 3*u + 27. Let s(r) = -c + r**3 + 3*r + 3*r**2 + 4 + 0 + 0*r**2. Calculate s(t).
-1
Let p(l) = 7 + 0 + l**3 - 5*l + 0*l**2 - 4*l**2 - 2*l. Let a = 1 - -4. Give p(a).
-3
Let z(h) = -3*h**2 + h + 3. Let l be z(-2). Let w(i) be the second derivative of i**5/20 + i**4 + 2*i**3 + 8*i**2 + 4*i - 14. Give w(l).
5
Let m be 102/(-30) - 4/(-10). Let z(f) = -2*f - 4. Let x be z(m). Let q(d) = -x*d**2 - d + 2 - 3*d**2 + 4*d**2. Calculate q(0).
2
Let m(s) = 2*s + 6*s - 22 - 13*s. Let d be m(-5). Let u(v) = -2*v**3 + 3*v**2 + 3*v - 3. What is u(d)?
-21
Let c(l) = -3*l**2 + 11*l - 7. Let x(q) = 5*q**2 - 16*q + 11. Let p(a) = 7*c(a) + 5*x(a). Give p(4).
58
Let z = -1845 + 1849. Let p(x) be the third derivative of -x**6/120 + x**5/15 - x**4/12 + 2*x**3/3 + 2*x**2. Calculate p(z).
-4
Let b(i) = -4*i + 6. Suppose 2*w + 12 = -2*k, -4*w - w = -k - 6. What is b(k)?
30
Let i(t) = 302*t**3 + 296*t**3 + 11*t**2 + 10*t - 597*t**3. What is i(-10)?
0
Let v(u) be the third derivative of u**7/2520 + u**6/120 - 2*u**5/15 + 10*u**2. Let n(m) be the third derivative of v(m). What is n(-4)?
-2
Let q(s) = -3*s + 3. Let k = -16 - -20. Give q(k).
-9
Let c(z) be the second derivative of -z**6/720 + 5*z**4/6 - 23*z. Let v(g) be the third derivative of c(g). Calculate v(-4).
4
Let t(u) = -u**3 - 8*u**2 - 3*u - 11. Let w be (0 - -3)*(52/(-6) - -6). Give t(w).
13
Let s(i) be the third derivative of -i**6/120 + 3*i**5/20 + 5*i**4/12 - 4*i**3/3 - 14*i**2. What is s(10)?
-8
Let w = -2 - 1. Let i(u) be the second derivative of u**5/20 + u**4/6 - u**3/3 + 3*u**2/2 + 2*u - 55. Calculate i(w).
0
Suppose 114 - 149 = 7*w. Let s(d) = -d**3 - 5*d**2 - 4*d - 12. Give s(w).
8
Let i(x) = -5*x**3 - 5*x**2 + 42*x. Let k(o) = -o**3 - o**2. Let g(b) = i(b) - 4*k(b). Let l(a) be the second derivative of g(a). Calculate l(-2).
10
Let x be 0 + 2 - 2 - -3. Let c(f) = -2 + f**2 - 6*f + 0*f**3 - f**x + 0. Let h(r) = -r**3 + 2*r**2 - 7*r - 3. Let s(p) = 7*c(p) - 6*h(p). What is s(-5)?
4
Let b(c) = -5*c**2 - 2*c - 3 + 4*c**2 + 6. Let t be 2 - (-112)/(-5) - 30/(-75). Let x = -23 - t. Determine b(x).
0
Let z(c) = -6*c + 14. Suppose 2*g - 34 + 14 = -4*r, 30 = 3*g - 2*r. What is z(g)?
-46
Let c(h) be the second derivative of h**3/3 - 6*h**2 - 15*h - 3. What is c(5)?
-2
Let g(b) = -3*b - 8. Let x(p) = 3*p + 8. Let d(a) = -7*g(a) - 6*x(a). Determine d(-7).
-13
Let r(d) = -d**2 + 5*d. Let s(c) = 3 + 4 - 2 - 1 - c. Let m be s(-2). Determine r(m).
-6
Let x(p) = 6 - 141*p - p**2 + 42*p + 59*p + 52*p. What is x(9)?
33
Let c = -538 - -533. Let k(i) = -2*i**2 - 13*i - 8. Determine k(c).
7
Let f(h) = h**2 + 8*h + 9. Let u = -317 - -312. Determine f(u).
-6
Let t(u) = 15*u**3 + u**2 + u + 1. Let v(m) = -25 - m + m - 6*m + 3*m. Let q be v(-8). What is t(q)?
-14
Let k(t) = 2*t**2 + 9*t - 16. Let f(r) = -8*r**2 - 35*r + 65. Let o(b) = 2*f(b) + 9*k(b). Give o(-7).
7
Suppose 0 = -2*o - 0*o + 12. Let i(y) = -7*y + 4. Let k(f) = 4*f - 1. Let l(p) = 3*i(p) + 5*k(p). Calculate l(o).
1
Let f(l) = -3*l**2 - 2*l - 6. Let o(r) = 4*r**2 + r. Let g(b) = -f(b) - o(b). Give g(-8).
-66
Let d = 102 - 95. Let h(y) = 5*y - 4. Calculate h(d).
31
Let d(r) = 19*r + 99. Let x(c) = 19*c + 101. Let a(u) = 5*d(u) - 6*x(u). Determine a(-6).
3
Let j be (1 - -1) + -3 + 6. Suppose -11 = 3*a - j*k, -2*k = 5*a + 3*k + 5. Let s(w) = 2*w + 1. Let f be s(a). Let o(b) = 2*b - 1. Determine o(f).
-7
Let h(x) = -45*x**3 + 2*x**2 - x. Let r(k) = k**3 - 5*k**2 - 7*k + 7. Let f be r(6). Give h(f).
-44
Suppose 6 + 9 = -3*m. Let n(p) = -7 + 498*p - 1474*p + 490*p + 492*p + 2*p**2. Determine n(m).
13
Suppose -4*n = 2*y, -5*n + 10*y - 18 = 8*y. Let g(z) = -6*z - 5. What is g(n)?
7
Let g(f) be the third derivative of f**6/60 - f**5/30 + f**4/24 - 153*f**2. Give g(2).
10
Let g(p) = p**2 + 6*p - 11. Let t(y) be the third derivative of y**5/60 + y**4/2 + 2*y**3 + 12*y**2. Let o be t(-10). Give g(o).
5
Let i be 15/(((-15)/(-27))/(-5)). Let g be (-18)/i - 62/15. Let k(x) be the third derivative of x**6/120 + x**5/15 - x**3/2 - x**2. Calculate k(g).
-3
Let p(v) = -v**3 - 4*v**2 - 3*v + 1. Suppose 2*a - 2*o + 46 = 2*o, 0 = 5*a - 2*o + 131. Let r = -30 - a. Determine p(r).
1
Suppose 22*m - 18*m = 16. Let g(a) = -2*a + 9. Calculate g(m).
1
Let m(a) = 6*a - 14. Let x(p) = -17*p + 41. Let v(r) = r - 5. Let w be v(-6). Let k(z) = w*m(z) - 4*x(z). Calculate k(7).
4
Suppose -4*a - 5*j = -0 - 2, 3*a = -5*j - 1. Suppose -10 - 15 = -5*k, 9 = -2*c + 5*k. Let d be c/a + (-4)/6. Let z(b) = 2*b - 2. What is z(d)?
2
Let y(m) = -m**3 - 5*m**2 + 4*m - 7. Let z(v) = -52*v + 154*v + v**2 + 30 - 115*v. Suppose 2*b = -3*b + 45. Let u be z(b). Give y(u).
5
Let d = 0 - -2. Let q(s) = -3*s + 3*s - 3*s**d - 2 + 5*s - 3*s. What is q(2)?
-10
Let i(t) = -t**2 + 15*t - 9. Let r be i(14). Suppose 5*y - 10 = -4*j + 2*j, 25 = -r*y + 5*j. Let k(c) = -c + 1. Determine k(y).
1
Let f(k) = 1 + k + 0*k - 2*k. Suppose -2*m - 3 = -c - 2, 4*c - 17 = -5*m. Let j be m/(-1) + (-4 - (-4)/4). Give f(j).
5
Suppose 0 = 5*s - 1 - 19. Let i be s*(-6)/3*1. Let b(o) = o**2 + 8*o - 4. What is b(i)?
-4
Let y(m) = -9*m**3 - m**2 + 1. Let o(x) = -44*x**3 - 15*x**2 - x + 16. Let d(u) = o(u) - 5*y(u). What is d(10)?
1
Let o = -397 + 400. Let y(l) = -2*l**2 + l - 4. What is y(o)?
-19
Let q be -11 + 2/(15/6 + -2). Let r = q - -3. Let d(m) = -m - 3. Determine d(r).
1
Let u(a) be the third derivative of 1/2*a**3 + 0*a - 3*a**2 + 1/24*a**4 + 0. Determine u(-6).
-3
Let w(x) be the second derivative of x**5/20 - x**4/2 - 7*x**3/6 - 5*x**2/2 + 23*x. Calculate w(7).
-5
Let o(l) = 2*l**2 - 15*l - 3. Let k(n) = n**2 - 7*n - 2. Let x(s) = 9*k(s) - 4*o(s). Calculate x(5).
4
Let b(q) = -240*q - 16*q**2 - 3*q**3 + 226*q + 20 + 2*q**3. Let m be b(-15). Let n(v) = -v**2 + 4*v + 1. Determine n(m).
-4
Let l be 341/124 + -1*(-1)/4. Let s(m) = -1 + l - m + 2. What is s(-4)?
8
Let z(u) = 31*u + 46. Let q(k) = -7*k - 11. Let w(x) = -9*q(x) - 2*z(x). Let f(h) = -h**2 + h - 4. Let v be f(0). Determine w(v).
3
Suppose 2*x - l = 3*x - 4, 0 = 2*x + 5*l - 2. Let o be 3/(-6)*-3*16/x. Let y(t) = -t + 2. What is y(o)?
-2
Let y(t) be the first derivative of -4*t**2 - t - 1. Let f(c) = c**3 + 7*c - 13 + 2*c - 6*c**2 + 10. Let d be f(4). What is y(d)?
-9
Suppose -4*i = -5*t + i + 25, 4*t + 5*i = -16. Let h(u) = -t + 142*u**2 + u**3 - 141*u**2 - 1. What is h(-2)?
-6
Let g(d) = 2*d**2 - 7*d + 6. Let p(s) = s**2 + s + 1. Let v(h) = g(h) - p(h). Suppose 0 = -5*w + 3 + 37. Calculate v(w).
5
Let c(b) = -b - 1. Suppose 0*k + k - 4*i = -26, -5*k - 5 = 5*i. G